 = -15 + 39. What is the units digit of x?
4
Let n(t) = t**2 + 6*t + 3. Let p be n(-6). Let b = -1 - p. What is the units digit of ((-6)/b)/(3/12)?
6
Suppose -b = -2 - 13. Let z = 0 + 2. Suppose -2*i + z = 4*k, -2*i + 5*i = -b. What is the units digit of k?
3
Suppose -2*a + 4*q + 252 = 2*q, -4*a + 2*q + 502 = 0. What is the hundreds digit of a?
1
What is the tens digit of 6 - -80 - 3*2/(-3)?
8
Suppose 31*y = 32*y - 1. Suppose 25 = g + 4*g. Suppose -o + 4*j - y + 17 = 0, -g*j - 10 = 0. What is the units digit of o?
8
Let h(i) = i**3 + i**2 + i + 11. What is the units digit of h(0)?
1
Suppose 3*m - 4*m = -31. What is the tens digit of m?
3
Let d = -25 - -75. What is the units digit of d?
0
Suppose 0 = 2*n - n - 12. What is the units digit of -2 + 2 + n + 2?
4
Let f be (0 - -5)*544/80. Suppose -4*z = 4*i + z - 136, -i + z + f = 0. What is the tens digit of i?
3
Let s be 534/(-24) + 2/8. Let w = s + 49. What is the units digit of w?
7
Suppose 0*f - 47 = 4*z + 3*f, 5*z + 53 = 2*f. Let w = z + 16. What is the units digit of w?
5
Let n(j) = j**2 + j + 1. Let c be n(-1). Let r(s) = s**2 - 2*s + 2. Let x be r(2). Let a = x + c. What is the units digit of a?
3
Let u(d) = -d**2 - 7*d + 2. Let b = 9 - 15. Let s be u(b). Let p = s + -6. What is the units digit of p?
2
Let k = 15 + -11. Suppose -k*r - 11 = -43. What is the units digit of r?
8
Let j be (2 + 0)*65/10. Suppose 5*v = 2*z + 109, -4*v - 3*z + 86 = -4*z. Let y = v - j. What is the units digit of y?
8
Let h = -4 - -5. Let f = 5 + h. What is the units digit of f?
6
Suppose -3*z = 70 - 226. What is the tens digit of z?
5
What is the units digit of -2*(-5)/(40/36)?
9
Let h be 1 - 1*1*-3. Let c be 1/h + (-2)/8. Suppose 2*l + c*l = -10, -2*b + 3*l + 19 = 0. What is the units digit of b?
2
Let a(y) = -y**3 + 5*y**2 - 2*y + 3. What is the tens digit of a(3)?
1
Suppose 2*d = -14 + 6, d + 1 = j. Let p(b) = 9*b + 9. Let o(w) = -w - 1. Let a(t) = j*p(t) - 24*o(t). What is the units digit of a(-4)?
9
Let i(z) = -4*z - 3. Let m be i(-7). Suppose 2*h = -3 + m. What is the tens digit of h?
1
Let z = 132 - -62. What is the hundreds digit of z?
1
Let u(p) = -p + 2*p - 3 - 7*p + p. Let m be u(-3). Suppose 0*r + m = 2*r. What is the units digit of r?
6
Suppose -5*l + 3*g + 32 = 0, -l - 2*g = 3*l - 8. What is the units digit of (-2)/1*(-8 + l)?
8
Suppose -3*p = -6*p - 189. Let a = -30 - p. What is the tens digit of a?
3
Suppose y - 3 = 0, k - 3*y = -12 - 1. Let c = -8 + 11. What is the units digit of k/(-2) - (c - 3)?
2
Let k(r) = -4*r - 3*r - 3*r**2 + 2*r**2 + 12. What is the units digit of k(-5)?
2
Suppose -63 - 52 = -h + 5*i, -2*i = h - 129. What is the hundreds digit of h?
1
Suppose -4*n + r = -804, n = r + 179 + 19. What is the units digit of n?
2
Let c = 10 - 6. Let f = c - 2. Suppose -11 = -f*n + 5*i, -n - 4*i + 19 = -6. What is the tens digit of n?
1
Suppose 7*p - 58 = 103. What is the tens digit of p?
2
Let h be 0 - 2 - 12/(-3). What is the units digit of h - -1 - (-2 + 4)?
1
Suppose 0 = -q - q - 3*v + 205, 300 = 3*q + 3*v. Suppose i = 4*l + 41, -2*l + 0*l = 5*i - q. What is the units digit of i?
1
Suppose k + 92 = -3*c + 6*c, -10 = 2*k. Suppose -3*y + 5*x + c = -2*y, -2*x + 2 = 0. Let r = -18 + y. What is the units digit of r?
6
Let j(f) = -33*f**3 - 2*f - 1. What is the units digit of j(-1)?
4
Let u(o) = o + 5. Suppose 2*h = -4*g, -12 = -2*g + 4*h - 32. Let b = -2 + g. What is the units digit of u(b)?
1
Suppose -30 = 6*s - 162. What is the units digit of s?
2
Let h(b) = -8*b**2 + b + 1. Let z be h(-1). Let d(t) = -t - 1. Let x be d(0). What is the units digit of -2 + (-1 - x) - z?
6
What is the tens digit of (3 - (-54 - -4))/1?
5
Let y(g) = g**3 + g**2 - 2*g - 3. Let l be y(-3). Let i(q) = 24*q**2 - q. Let t be i(1). Let v = l + t. What is the units digit of v?
8
Suppose -3*f + 5*z + 123 = 0, z - 3*z = -2*f + 78. What is the tens digit of (1/2)/(1/f)?
1
Suppose 0 = -3*b - 2*b + 3*a + 32, -3*b - 4*a - 4 = 0. Let g be b/(-22) - (-204)/33. What is the units digit of 40/g*(-9)/(-6)?
0
What is the tens digit of (1 + 28)*(-4 - -5)?
2
What is the units digit of 1/(((-10)/156)/(-5))?
8
Let m = 26 - 79. What is the tens digit of m/(-5) + 4/10?
1
Suppose 3*w - 54 = -2*d - 2*d, 3*d - 35 = -2*w. What is the tens digit of w?
2
Let w(u) = 2*u - 3. Suppose 3*p = 4*r + 17, 5*p - 2*r + r - 17 = 0. Let m = -1 + p. What is the units digit of w(m)?
1
Let q(u) = -u**2 + 6*u + 2. Let i be q(5). Let x = -6 + i. What is the units digit of x?
1
Let o = 8 - 8. Let m(p) = -p**2 - 5*p - 2. Let x be m(-3). Suppose o*k = -x*k + 76. What is the units digit of k?
9
Suppose 4*k = -4*y + 168 + 36, -3*k + 4*y = -132. What is the units digit of k?
8
Suppose 2*g - g = y - 39, -y = g + 41. What is the tens digit of (-5)/(g/(-44) - 1)?
5
Suppose 4*r = 27 + 9. What is the units digit of r?
9
Suppose -2*q = 4*l - 30, -5*l + 4*l = 5*q - 3. Suppose -4*d - 3*k = -l*k - 104, -d + 5*k = -26. What is the tens digit of d?
2
What is the units digit of (-10)/(-4)*(-1628)/(-55)?
4
Let y(m) = m - 6*m - m - m**2. Let s = -26 + 21. What is the units digit of y(s)?
5
Suppose 3*y - 34 = -5*n + 3*n, -21 = -2*y - 3*n. Let l be y*(-6)/(-8)*-7. What is the units digit of (-1)/(-2) + l/(-6)?
1
Suppose 4*r = 9*r. Suppose n - 2*n + 8 = r. What is the units digit of n*((-9)/(-6) + -1)?
4
Suppose -4*m + 8 = -4*g + 2*g, -m + 2 = 0. Let b = g + 5. What is the units digit of b?
5
Let q be 4/8*(-88)/(-2). Let k = -9 + q. What is the tens digit of k?
1
Let g = -116 + 128. What is the tens digit of g?
1
Suppose 7*r - 57 = 6*r. What is the tens digit of r?
5
Let t(n) = -n + 11. Suppose 0 = 4*g - m - 25, -6*m - 5 = -m. Let f be t(g). Suppose -3*k + f*k - 8 = 0, 4*i = -2*k + 28. What is the units digit of i?
5
Let c(m) = -5*m**3 + m**2 + 2*m + 1. Suppose 2*a - 3*a = 1. Let y be c(a). Suppose -4*t + 2 = -2*u + 28, y*u = -2*t + 29. What is the units digit of u?
7
Let a = 400 + -186. What is the hundreds digit of a?
2
Let r be (-6)/24 + 918/(-8). What is the tens digit of (-3 - -2)/(5/r)?
2
Let o(w) = 23*w - 2. What is the units digit of o(2)?
4
Let n = 238 - 93. What is the units digit of n?
5
Suppose -274 = -4*r - 78. What is the units digit of r?
9
Let v(p) = -p**3 + 2*p**2 + p + 327. What is the units digit of v(0)?
7
What is the hundreds digit of (-3 + 42/12)*202?
1
Let i = 31 + -18. Let y = i - 0. What is the tens digit of y?
1
Suppose -8*g + 4*g = -3*c - 813, g + 4*c - 189 = 0. Suppose -i - 195 = -4*h, 6*h - 3*i - g = 2*h. What is the units digit of h?
8
Suppose 0 = z + 1 - 4. Suppose 9 + 15 = 4*d. Let a = d - z. What is the units digit of a?
3
Suppose m - 12 - 1 = -3*z, z + 49 = 5*m. Let l = m + 0. What is the units digit of l?
0
Let y = 43 + -12. Let o = y - 16. What is the tens digit of o?
1
Let m = 43 - -67. What is the hundreds digit of m?
1
Let m(w) = 3*w**2 + 8*w - 6. What is the tens digit of m(-5)?
2
Let g(n) = -15*n - 17. Let i(f) = -5*f - 6. Let d(v) = 3*g(v) - 8*i(v). Let x(k) = -k**2 + 7*k + 6. Let b be x(8). What is the units digit of d(b)?
7
Let v = 3 + -3. Suppose v*g - 5*g = 35. Let a = g - -16. What is the units digit of a?
9
Let b(o) = -o**2 + 3*o + 9. Let s be b(-9). Let x be (-4)/1*s/(-12). What is the units digit of (-6)/(-15) - x/5?
7
Let h = -218 - -345. Suppose -3*f = -h + 4. What is the tens digit of f?
4
Let t = -2 + -1. Let l = -2 - t. What is the units digit of l?
1
Let d(l) = -21*l**2 + l - 1. Let q be d(1). Let i = q - -40. What is the units digit of i?
9
Let j(z) = -z**3 + 2*z**2 + z - 7. What is the units digit of j(-3)?
5
Suppose 5*n + 38 = -2*r, 5*n - 9 + 29 = 0. Let g be -2*(r/6 + -2). Suppose v - 2*q = -g + 17, -10 = -v - 3*q. What is the tens digit of v?
1
Let q(t) = -5*t + 5. Let z(o) = -4*o + 5. Let w(f) = -5*q(f) + 6*z(f). Let x(y) = -3*y - 15. Let u(a) = -8*w(a) - 3*x(a). What is the units digit of u(-4)?
1
Let r(f) = 6*f - 3. Let h be r(9). Suppose -4*q + 93 + h = 0. What is the tens digit of q?
3
Let l be 1 - 2*1/(-1). Suppose l*x + 4*k = 9 + 12, -4*x = k - 15. Suppose -3*i + 0 = -x. What is the units digit of i?
1
Suppose -c = 4*c. Suppose c = -0*v + 3*v - 2*m - 25, v - 4*m - 5 = 0. What is the units digit of v?
9
Let q(j) = -5*j**3 - 7*j**3 + 2*j - j - 2*j. Let x be q(1). Let y = x + 21. What is the units digit of y?
8
Let f(